{"id":71,"date":"2025-11-03T12:54:17","date_gmt":"2025-11-03T12:54:17","guid":{"rendered":"https:\/\/espace-entreprise.mediamatique.ch\/arti-stick\/?page_id=71"},"modified":"2025-11-15T14:54:56","modified_gmt":"2025-11-15T14:54:56","slug":"declaration-daccessibilite","status":"publish","type":"page","link":"https:\/\/espace-entreprise.mediamatique.ch\/arti-stick\/declaration-daccessibilite\/","title":{"rendered":"D\u00e9claration d\u2019Accessibilit\u00e9"},"content":{"rendered":"\t\t<div data-elementor-type=\"wp-page\" data-elementor-id=\"71\" class=\"elementor elementor-71\" data-elementor-post-type=\"page\">\n\t\t\t\t<div class=\"elementor-element elementor-element-0222854 e-flex e-con-boxed e-con e-parent\" data-id=\"0222854\" data-element_type=\"container\">\n\t\t\t\t\t<div class=\"e-con-inner\">\n\t\t\t\t<div class=\"elementor-element elementor-element-e0d08c4 elementor-widget elementor-widget-heading\" data-id=\"e0d08c4\" data-element_type=\"widget\" data-widget_type=\"heading.default\">\n\t\t\t\t\t<h2 class=\"elementor-heading-title elementor-size-default\">D\u00e9claration d'Accessibilit\u00e9<\/h2>\t\t\t\t<\/div>\n\t\t\t\t<div class=\"elementor-element elementor-element-ddba1e1 elementor-widget elementor-widget-text-editor\" data-id=\"ddba1e1\" data-element_type=\"widget\" data-widget_type=\"text-editor.default\">\n\t\t\t\t\t\t\t\t\t<p><span data-contrast=\"auto\">Arti-Stick s\u2019engage \u00e0 cr\u00e9er un environnement inclusif et accessible \u00e0 toutes les personnes, y compris celles en situation de handicap. Nous faisons tous les efforts raisonnables pour que nos communications soient accessibles et que notre site web respecte les R\u00e8gles pour l\u2019Accessibilit\u00e9 des Contenus Web (WCAG) 2.1, niveaux A et AA, ainsi que les lois applicables en mati\u00e8re d\u2019accessibilit\u00e9.<\/span><span data-ccp-props=\"{}\">\u00a0<\/span><\/p><p><span data-contrast=\"auto\">Si vous rencontrez un obstacle li\u00e9 \u00e0 l\u2019accessibilit\u00e9 sur nos supports num\u00e9riques, nous vous invitons \u00e0 nous contacter. Nous mettrons tout en \u0153uvre pour r\u00e9pondre \u00e0 votre demande et trouver une solution adapt\u00e9e.<\/span><span data-ccp-props=\"{}\">\u00a0<\/span><\/p><p><span data-ccp-props=\"{}\">\u00a0<\/span><\/p><p><b><span data-contrast=\"auto\">Applicabilit\u00e9<\/span><\/b><span data-ccp-props=\"{}\">\u00a0<\/span><\/p><p><span data-contrast=\"auto\">La pr\u00e9sente politique s\u2019applique \u00e0 Arti-Stick, entreprise fond\u00e9e par cinq \u00e9l\u00e8ves du CPNV le 25 ao\u00fbt 2025. Elle a \u00e9t\u00e9 \u00e9labor\u00e9e en conformit\u00e9 avec les principes g\u00e9n\u00e9raux de l\u2019accessibilit\u00e9 et avec les r\u00e9glementations applicables en Suisse et \u00e0 l\u2019international. Elle d\u00e9finit la mani\u00e8re dont Arti-Stick r\u00e9pond aux besoins en mati\u00e8re d\u2019accessibilit\u00e9 dans ses services, sa communication et ses pratiques de recrutement.<\/span><span data-ccp-props=\"{}\">\u00a0<\/span><\/p><p><span data-ccp-props=\"{}\">\u00a0<\/span><\/p><p><b><span data-contrast=\"auto\">Engagement<\/span><\/b><span data-ccp-props=\"{}\">\u00a0<\/span><\/p><p><span data-contrast=\"auto\">Arti-Stick est r\u00e9solu \u00e0 traiter toutes les personnes de mani\u00e8re respectueuse, en favorisant leur dignit\u00e9 et leur ind\u00e9pendance. Nous croyons en l\u2019int\u00e9gration et en l\u2019\u00e9galit\u00e9 des chances. Nous nous engageons \u00e0 r\u00e9pondre aux besoins des personnes en situation de handicap en temps opportun, en pr\u00e9venant et en supprimant les obstacles, et en respectant les exigences l\u00e9gales en mati\u00e8re d\u2019accessibilit\u00e9.<\/span><span data-ccp-props=\"{}\">\u00a0<\/span><\/p><p><span data-ccp-props=\"{}\">\u00a0<\/span><\/p><p><b><span data-contrast=\"auto\">Informations d\u2019urgence<\/span><\/b><span data-ccp-props=\"{}\">\u00a0<\/span><\/p><p><span data-contrast=\"auto\">Arti-Stick s\u2019engage \u00e0 fournir, sur demande, toute information relative \u00e0 la s\u00e9curit\u00e9 et aux situations d\u2019urgence dans un format accessible aux clients et aux visiteurs. Nous fournirons \u00e9galement \u00e0 nos employ\u00e9s en situation de handicap des instructions personnalis\u00e9es en cas d\u2019urgence, lorsque cela est n\u00e9cessaire.<\/span><span data-ccp-props=\"{}\">\u00a0<\/span><\/p><p><span data-ccp-props=\"{}\">\u00a0<\/span><\/p><p><b><span data-contrast=\"auto\">Information et communication<\/span><\/b><span data-ccp-props=\"{}\">\u00a0<\/span><\/p><p><span data-contrast=\"auto\">Arti-Stick s\u2019engage \u00e0 r\u00e9pondre aux besoins de communication des personnes en situation de handicap. Nous consulterons directement les personnes concern\u00e9es afin de d\u00e9terminer le format le plus appropri\u00e9 et, sur demande, nous fournirons toute information dans un format accessible ou avec des moyens de communication adapt\u00e9s. Notre site web est d\u00e9velopp\u00e9 pour \u00eatre conforme aux normes WCAG et sera r\u00e9guli\u00e8rement am\u00e9lior\u00e9 afin de rester accessible \u00e0 tous.<\/span><span data-ccp-props=\"{}\">\u00a0<\/span><\/p><p><span data-ccp-props=\"{}\">\u00a0<\/span><\/p><p><b><span data-contrast=\"auto\">Contact<\/span><\/b><span data-ccp-props=\"{}\">\u00a0<\/span><\/p><p><span data-contrast=\"auto\">Pour toute question concernant cette D\u00e9claration d\u2019Accessibilit\u00e9, vous pouvez nous contacter \u00e0 l\u2019adresse suivante :<\/span><span data-ccp-props=\"{}\">\u00a0<\/span><\/p><p><b><span data-contrast=\"auto\">Arti-Stick \u2013 Vos Images Pr\u00eates \u00e0 Coller<\/span><\/b>\u00a0<br \/><span data-contrast=\"auto\">Fond\u00e9 par cinq \u00e9l\u00e8ves du CPNV le 25 ao\u00fbt 2025<\/span>\u00a0<br \/><span data-contrast=\"auto\">\ud83d\udce7<\/span><span data-contrast=\"auto\"> artistick.cpnv@gmail.com<\/span>\u00a0<br \/><span data-contrast=\"auto\">\ud83d\udccd<\/span> <span data-contrast=\"auto\">Av. de la Gare 14<\/span><span data-ccp-props=\"{}\">\u00a0<\/span><\/p><p><span data-contrast=\"auto\">1450 Sainte-Croix<\/span><span data-ccp-props=\"{&quot;335559731&quot;:720}\">\u00a0<\/span><\/p><p><span data-ccp-props=\"{}\">\u00a0<\/span><\/p><p><span data-contrast=\"auto\">Derni\u00e8re mise \u00e0 jour : septembre 2025<\/span><span data-ccp-props=\"{}\">\u00a0<\/span><\/p>\t\t\t\t\t\t\t\t<\/div>\n\t\t\t\t\t<\/div>\n\t\t\t\t<\/div>\n\t\t\t\t<\/div>\n\t\t","protected":false},"excerpt":{"rendered":"<p>D\u00e9claration d&#8217;Accessibilit\u00e9 Arti-Stick s\u2019engage \u00e0 cr\u00e9er un environnement inclusif et accessible \u00e0 toutes les personnes, y compris celles en situation de handicap. Nous faisons tous les efforts raisonnables pour que nos communications soient accessibles et que notre site web respecte les R\u00e8gles pour l\u2019Accessibilit\u00e9 des Contenus Web (WCAG) 2.1, niveaux A et AA, ainsi que [&hellip;]<\/p>\n","protected":false},"author":1,"featured_media":0,"parent":0,"menu_order":0,"comment_status":"closed","ping_status":"closed","template":"","meta":{"footnotes":""},"class_list":["post-71","page","type-page","status-publish","hentry"],"yoast_head":"<!-- This site is optimized with the Yoast SEO plugin v26.2 - https:\/\/yoast.com\/wordpress\/plugins\/seo\/ -->\n<title>D\u00e9claration d\u2019Accessibilit\u00e9 - Arti-Stick<\/title>\n<meta name=\"robots\" content=\"index, follow, max-snippet:-1, max-image-preview:large, max-video-preview:-1\" \/>\n<link rel=\"canonical\" href=\"https:\/\/espace-entreprise.mediamatique.ch\/arti-stick\/declaration-daccessibilite\/\" \/>\n<meta property=\"og:locale\" content=\"en_US\" \/>\n<meta property=\"og:type\" content=\"article\" \/>\n<meta property=\"og:title\" content=\"D\u00e9claration d\u2019Accessibilit\u00e9 - Arti-Stick\" \/>\n<meta property=\"og:description\" content=\"D\u00e9claration d&#8217;Accessibilit\u00e9 Arti-Stick s\u2019engage \u00e0 cr\u00e9er un environnement inclusif et accessible \u00e0 toutes les personnes, y compris celles en situation de handicap. Nous faisons tous les efforts raisonnables pour que nos communications soient accessibles et que notre site web respecte les R\u00e8gles pour l\u2019Accessibilit\u00e9 des Contenus Web (WCAG) 2.1, niveaux A et AA, ainsi que [&hellip;]\" \/>\n<meta property=\"og:url\" content=\"https:\/\/espace-entreprise.mediamatique.ch\/arti-stick\/declaration-daccessibilite\/\" \/>\n<meta property=\"og:site_name\" content=\"Arti-Stick\" \/>\n<meta property=\"article:modified_time\" content=\"2025-11-15T14:54:56+00:00\" \/>\n<meta name=\"twitter:card\" content=\"summary_large_image\" \/>\n<meta name=\"twitter:label1\" content=\"Est. reading time\" \/>\n\t<meta name=\"twitter:data1\" content=\"2 minutes\" \/>\n<script type=\"application\/ld+json\" class=\"yoast-schema-graph\">{\"@context\":\"https:\/\/schema.org\",\"@graph\":[{\"@type\":\"WebPage\",\"@id\":\"https:\/\/espace-entreprise.mediamatique.ch\/arti-stick\/declaration-daccessibilite\/\",\"url\":\"https:\/\/espace-entreprise.mediamatique.ch\/arti-stick\/declaration-daccessibilite\/\",\"name\":\"D\u00e9claration d\u2019Accessibilit\u00e9 - Arti-Stick\",\"isPartOf\":{\"@id\":\"https:\/\/espace-entreprise.mediamatique.ch\/arti-stick\/#website\"},\"datePublished\":\"2025-11-03T12:54:17+00:00\",\"dateModified\":\"2025-11-15T14:54:56+00:00\",\"breadcrumb\":{\"@id\":\"https:\/\/espace-entreprise.mediamatique.ch\/arti-stick\/declaration-daccessibilite\/#breadcrumb\"},\"inLanguage\":\"en-US\",\"potentialAction\":[{\"@type\":\"ReadAction\",\"target\":[\"https:\/\/espace-entreprise.mediamatique.ch\/arti-stick\/declaration-daccessibilite\/\"]}]},{\"@type\":\"BreadcrumbList\",\"@id\":\"https:\/\/espace-entreprise.mediamatique.ch\/arti-stick\/declaration-daccessibilite\/#breadcrumb\",\"itemListElement\":[{\"@type\":\"ListItem\",\"position\":1,\"name\":\"Home\",\"item\":\"https:\/\/espace-entreprise.mediamatique.ch\/arti-stick\/\"},{\"@type\":\"ListItem\",\"position\":2,\"name\":\"D\u00e9claration d\u2019Accessibilit\u00e9\"}]},{\"@type\":\"WebSite\",\"@id\":\"https:\/\/espace-entreprise.mediamatique.ch\/arti-stick\/#website\",\"url\":\"https:\/\/espace-entreprise.mediamatique.ch\/arti-stick\/\",\"name\":\"Arti-Stick\",\"description\":\"\",\"publisher\":{\"@id\":\"https:\/\/espace-entreprise.mediamatique.ch\/arti-stick\/#organization\"},\"potentialAction\":[{\"@type\":\"SearchAction\",\"target\":{\"@type\":\"EntryPoint\",\"urlTemplate\":\"https:\/\/espace-entreprise.mediamatique.ch\/arti-stick\/?s={search_term_string}\"},\"query-input\":{\"@type\":\"PropertyValueSpecification\",\"valueRequired\":true,\"valueName\":\"search_term_string\"}}],\"inLanguage\":\"en-US\"},{\"@type\":\"Organization\",\"@id\":\"https:\/\/espace-entreprise.mediamatique.ch\/arti-stick\/#organization\",\"name\":\"Arti-Stick\",\"url\":\"https:\/\/espace-entreprise.mediamatique.ch\/arti-stick\/\",\"logo\":{\"@type\":\"ImageObject\",\"inLanguage\":\"en-US\",\"@id\":\"https:\/\/espace-entreprise.mediamatique.ch\/arti-stick\/#\/schema\/logo\/image\/\",\"url\":\"https:\/\/espace-entreprise.mediamatique.ch\/arti-stick\/wp-content\/uploads\/2025\/10\/Arti-Sticks-LOGO-1.png\",\"contentUrl\":\"https:\/\/espace-entreprise.mediamatique.ch\/arti-stick\/wp-content\/uploads\/2025\/10\/Arti-Sticks-LOGO-1.png\",\"width\":625,\"height\":204,\"caption\":\"Arti-Stick\"},\"image\":{\"@id\":\"https:\/\/espace-entreprise.mediamatique.ch\/arti-stick\/#\/schema\/logo\/image\/\"},\"sameAs\":[\"https:\/\/www.instagram.com\/arti__stick\/\"]}]}<\/script>\n<!-- \/ Yoast SEO plugin. -->","yoast_head_json":{"title":"D\u00e9claration d\u2019Accessibilit\u00e9 - Arti-Stick","robots":{"index":"index","follow":"follow","max-snippet":"max-snippet:-1","max-image-preview":"max-image-preview:large","max-video-preview":"max-video-preview:-1"},"canonical":"https:\/\/espace-entreprise.mediamatique.ch\/arti-stick\/declaration-daccessibilite\/","og_locale":"en_US","og_type":"article","og_title":"D\u00e9claration d\u2019Accessibilit\u00e9 - Arti-Stick","og_description":"D\u00e9claration d&#8217;Accessibilit\u00e9 Arti-Stick s\u2019engage \u00e0 cr\u00e9er un environnement inclusif et accessible \u00e0 toutes les personnes, y compris celles en situation de handicap. Nous faisons tous les efforts raisonnables pour que nos communications soient accessibles et que notre site web respecte les R\u00e8gles pour l\u2019Accessibilit\u00e9 des Contenus Web (WCAG) 2.1, niveaux A et AA, ainsi que [&hellip;]","og_url":"https:\/\/espace-entreprise.mediamatique.ch\/arti-stick\/declaration-daccessibilite\/","og_site_name":"Arti-Stick","article_modified_time":"2025-11-15T14:54:56+00:00","twitter_card":"summary_large_image","twitter_misc":{"Est. reading time":"2 minutes"},"schema":{"@context":"https:\/\/schema.org","@graph":[{"@type":"WebPage","@id":"https:\/\/espace-entreprise.mediamatique.ch\/arti-stick\/declaration-daccessibilite\/","url":"https:\/\/espace-entreprise.mediamatique.ch\/arti-stick\/declaration-daccessibilite\/","name":"D\u00e9claration d\u2019Accessibilit\u00e9 - Arti-Stick","isPartOf":{"@id":"https:\/\/espace-entreprise.mediamatique.ch\/arti-stick\/#website"},"datePublished":"2025-11-03T12:54:17+00:00","dateModified":"2025-11-15T14:54:56+00:00","breadcrumb":{"@id":"https:\/\/espace-entreprise.mediamatique.ch\/arti-stick\/declaration-daccessibilite\/#breadcrumb"},"inLanguage":"en-US","potentialAction":[{"@type":"ReadAction","target":["https:\/\/espace-entreprise.mediamatique.ch\/arti-stick\/declaration-daccessibilite\/"]}]},{"@type":"BreadcrumbList","@id":"https:\/\/espace-entreprise.mediamatique.ch\/arti-stick\/declaration-daccessibilite\/#breadcrumb","itemListElement":[{"@type":"ListItem","position":1,"name":"Home","item":"https:\/\/espace-entreprise.mediamatique.ch\/arti-stick\/"},{"@type":"ListItem","position":2,"name":"D\u00e9claration d\u2019Accessibilit\u00e9"}]},{"@type":"WebSite","@id":"https:\/\/espace-entreprise.mediamatique.ch\/arti-stick\/#website","url":"https:\/\/espace-entreprise.mediamatique.ch\/arti-stick\/","name":"Arti-Stick","description":"","publisher":{"@id":"https:\/\/espace-entreprise.mediamatique.ch\/arti-stick\/#organization"},"potentialAction":[{"@type":"SearchAction","target":{"@type":"EntryPoint","urlTemplate":"https:\/\/espace-entreprise.mediamatique.ch\/arti-stick\/?s={search_term_string}"},"query-input":{"@type":"PropertyValueSpecification","valueRequired":true,"valueName":"search_term_string"}}],"inLanguage":"en-US"},{"@type":"Organization","@id":"https:\/\/espace-entreprise.mediamatique.ch\/arti-stick\/#organization","name":"Arti-Stick","url":"https:\/\/espace-entreprise.mediamatique.ch\/arti-stick\/","logo":{"@type":"ImageObject","inLanguage":"en-US","@id":"https:\/\/espace-entreprise.mediamatique.ch\/arti-stick\/#\/schema\/logo\/image\/","url":"https:\/\/espace-entreprise.mediamatique.ch\/arti-stick\/wp-content\/uploads\/2025\/10\/Arti-Sticks-LOGO-1.png","contentUrl":"https:\/\/espace-entreprise.mediamatique.ch\/arti-stick\/wp-content\/uploads\/2025\/10\/Arti-Sticks-LOGO-1.png","width":625,"height":204,"caption":"Arti-Stick"},"image":{"@id":"https:\/\/espace-entreprise.mediamatique.ch\/arti-stick\/#\/schema\/logo\/image\/"},"sameAs":["https:\/\/www.instagram.com\/arti__stick\/"]}]}},"_links":{"self":[{"href":"https:\/\/espace-entreprise.mediamatique.ch\/arti-stick\/wp-json\/wp\/v2\/pages\/71","targetHints":{"allow":["GET"]}}],"collection":[{"href":"https:\/\/espace-entreprise.mediamatique.ch\/arti-stick\/wp-json\/wp\/v2\/pages"}],"about":[{"href":"https:\/\/espace-entreprise.mediamatique.ch\/arti-stick\/wp-json\/wp\/v2\/types\/page"}],"author":[{"embeddable":true,"href":"https:\/\/espace-entreprise.mediamatique.ch\/arti-stick\/wp-json\/wp\/v2\/users\/1"}],"replies":[{"embeddable":true,"href":"https:\/\/espace-entreprise.mediamatique.ch\/arti-stick\/wp-json\/wp\/v2\/comments?post=71"}],"version-history":[{"count":19,"href":"https:\/\/espace-entreprise.mediamatique.ch\/arti-stick\/wp-json\/wp\/v2\/pages\/71\/revisions"}],"predecessor-version":[{"id":252,"href":"https:\/\/espace-entreprise.mediamatique.ch\/arti-stick\/wp-json\/wp\/v2\/pages\/71\/revisions\/252"}],"wp:attachment":[{"href":"https:\/\/espace-entreprise.mediamatique.ch\/arti-stick\/wp-json\/wp\/v2\/media?parent=71"}],"curies":[{"name":"wp","href":"https:\/\/api.w.org\/{rel}","templated":true}]}}