{"id":58,"date":"2025-11-15T14:58:23","date_gmt":"2025-11-15T14:58:23","guid":{"rendered":"https:\/\/espace-entreprise.mediamatique.ch\/arti-stick\/?page_id=58"},"modified":"2025-11-15T14:58:24","modified_gmt":"2025-11-15T14:58:24","slug":"condition-generales","status":"publish","type":"page","link":"https:\/\/espace-entreprise.mediamatique.ch\/arti-stick\/condition-generales\/","title":{"rendered":"Condition G\u00e9n\u00e9rales"},"content":{"rendered":"\t\t<div data-elementor-type=\"wp-page\" data-elementor-id=\"58\" class=\"elementor elementor-58\" data-elementor-post-type=\"page\">\n\t\t\t\t<div class=\"elementor-element elementor-element-c08984b e-flex e-con-boxed e-con e-parent\" data-id=\"c08984b\" data-element_type=\"container\">\n\t\t\t\t\t<div class=\"e-con-inner\">\n\t\t\t\t<div class=\"elementor-element elementor-element-5799d5d elementor-widget elementor-widget-heading\" data-id=\"5799d5d\" data-element_type=\"widget\" data-widget_type=\"heading.default\">\n\t\t\t\t\t<h2 class=\"elementor-heading-title elementor-size-default\">Condition G\u00e9n\u00e9rale d'Utilisation<\/h2>\t\t\t\t<\/div>\n\t\t\t\t<div class=\"elementor-element elementor-element-ebd2e2c elementor-widget elementor-widget-text-editor\" data-id=\"ebd2e2c\" data-element_type=\"widget\" data-widget_type=\"text-editor.default\">\n\t\t\t\t\t\t\t\t\t<p><span class=\"TextRun SCXW221619537 BCX8\" lang=\"FR-CH\" xml:lang=\"FR-CH\" data-contrast=\"auto\"><span class=\"NormalTextRun SCXW221619537 BCX8\">Bienvenue sur le site de <\/span><span class=\"NormalTextRun SCXW221619537 BCX8\">Arti-Stick. <\/span><span class=\"NormalTextRun SCXW221619537 BCX8\">Nous vous fournissons ce site internet et les services associ\u00e9s (\u00ab le Site \u00bb) sous r\u00e9serve des pr\u00e9sentes Conditions G\u00e9n\u00e9rales d\u2019Utilisation (\u00ab CGU \u00bb). En acc\u00e9dant au Site ou en l\u2019utilisant, vous acceptez d\u2019\u00eatre li\u00e9 par ces conditions. Si vous n\u2019acceptez pas ces conditions, vous ne devez pas utiliser le Site. Nous nous r\u00e9servons le droit de modifier ces CGU \u00e0 tout moment en publiant une version mise \u00e0 jour sur le Site. Le fait de continuer \u00e0 utiliser le Site apr\u00e8s une modification vaut acceptation des nouvelles conditions.<\/span><\/span><span class=\"EOP SCXW221619537 BCX8\" data-ccp-props=\"{}\">\u00a0<\/span><\/p><p><b><span data-contrast=\"auto\">Compte utilisateur, mot de passe et s\u00e9curit\u00e9<\/span><\/b><span data-ccp-props=\"{}\">\u00a0<\/span><\/p><p><span data-contrast=\"auto\">Lors de votre inscription, vous pouvez \u00eatre amen\u00e9 \u00e0 cr\u00e9er un compte utilisateur et \u00e0 choisir un mot de passe. Vous \u00eates responsable de la confidentialit\u00e9 de vos identifiants et de toutes les activit\u00e9s effectu\u00e9es sous votre compte. Vous vous engagez \u00e0 nous avertir imm\u00e9diatement en cas d\u2019utilisation non autoris\u00e9e de votre compte ou de toute violation de s\u00e9curit\u00e9. Nous d\u00e9clinons toute responsabilit\u00e9 pour les pertes ou dommages r\u00e9sultant de votre manquement \u00e0 ces obligations.<\/span><span data-ccp-props=\"{}\">\u00a0<\/span><\/p><p><b><span data-contrast=\"auto\">Conduite des utilisateurs<\/span><\/b><span data-ccp-props=\"{}\">\u00a0<\/span><\/p><p><span data-contrast=\"auto\">En utilisant ce Site, vous vous engagez \u00e0 ne pas transmettre de contenus ill\u00e9gaux, nuisibles, mena\u00e7ants, diffamatoires, obsc\u00e8nes, offensants, haineux, discriminatoires ou portant atteinte aux droits de tiers, notamment en mati\u00e8re de propri\u00e9t\u00e9 intellectuelle, de vie priv\u00e9e ou de droit \u00e0 l\u2019image. Vous vous engagez \u00e9galement \u00e0 ne pas introduire de virus, de logiciels malveillants ou \u00e0 perturber le fonctionnement du Site ou l\u2019exp\u00e9rience des autres utilisateurs. Vous reconnaissez que nous nous r\u00e9servons le droit de supprimer tout contenu ou commandes jug\u00e9es non conformes aux pr\u00e9sentes CGU ou \u00e0 la l\u00e9gislation en vigueur.<\/span><span data-ccp-props=\"{}\">\u00a0<\/span><\/p><p><b><span data-contrast=\"auto\">Propri\u00e9t\u00e9 intellectuelle et contenu<\/span><\/b><span data-ccp-props=\"{}\">\u00a0<\/span><\/p><p><span data-contrast=\"auto\">Vous conservez l\u2019enti\u00e8re propri\u00e9t\u00e9 intellectuelle sur les cr\u00e9ations et contenus que vous soumettez pour la personnalisation de vos stickers. Cependant, en nous soumettant ces contenus, vous garantissez disposer de tous les droits n\u00e9cessaires pour les utiliser et les reproduire. Vous nous accordez une licence limit\u00e9e, non exclusive et mondiale, nous permettant de les utiliser uniquement aux fins de production et de livraison des produits command\u00e9s. Vous reconnaissez que nous pouvons refuser ou annuler toute commande contenant des \u00e9l\u00e9ments qui violent des droits de tiers, des lois applicables ou nos valeurs.<\/span><span data-ccp-props=\"{}\">\u00a0<\/span><\/p><p><span data-contrast=\"auto\">Le Site, son contenu, ses visuels, ses textes et ses fonctionnalit\u00e9s sont prot\u00e9g\u00e9s par le droit d\u2019auteur et les droits de propri\u00e9t\u00e9 intellectuelle. Toute reproduction, distribution ou utilisation non autoris\u00e9e est interdite.<\/span><span data-ccp-props=\"{}\">\u00a0<\/span><\/p><p><b><span data-contrast=\"auto\">Confidentialit\u00e9<\/span><\/b><span data-ccp-props=\"{}\">\u00a0<\/span><\/p><p><span data-contrast=\"auto\">Votre utilisation du Site est \u00e9galement r\u00e9gie par notre Politique de Confidentialit\u00e9, qui explique comment nous collectons, utilisons et prot\u00e9geons vos donn\u00e9es personnelles. En acceptant ces CGU, vous acceptez \u00e9galement les termes de notre Politique de Confidentialit\u00e9.<\/span><span data-ccp-props=\"{}\">\u00a0<\/span><\/p><p><b><span data-contrast=\"auto\">Commandes et conditions de vente<\/span><\/b><span data-ccp-props=\"{}\">\u00a0<\/span><\/p><p><span data-contrast=\"auto\">Les produits sont propos\u00e9s \u00e0 la vente sur le Site conform\u00e9ment \u00e0 nos Conditions G\u00e9n\u00e9rales de Vente, accessibles lors du processus de commande. Les prix affich\u00e9s sont ceux en vigueur au moment de la commande. Nous nous r\u00e9servons le droit de refuser ou d\u2019annuler toute commande en cas de non-respect des pr\u00e9sentes CGU, de suspicion de fraude ou de violation de droits de tiers. Une commande n\u2019est consid\u00e9r\u00e9e comme accept\u00e9e qu\u2019\u00e0 partir du moment o\u00f9 vous recevez une confirmation d\u2019exp\u00e9dition par email.<\/span><span data-ccp-props=\"{}\">\u00a0<\/span><\/p><p><b><span data-contrast=\"auto\">Limitation de responsabilit\u00e9<\/span><\/b><span data-ccp-props=\"{}\">\u00a0<\/span><\/p><p><span data-contrast=\"auto\">Nous faisons de notre mieux pour assurer l\u2019exactitude et la disponibilit\u00e9 du Site. Toutefois, nous ne garantissons pas que le Site sera exempt d\u2019erreurs, de pannes ou d\u2019interruptions. Vous utilisez le Site sous votre seule responsabilit\u00e9. Dans les limites permises par la loi, nous d\u00e9clinons toute responsabilit\u00e9 pour les dommages directs ou indirects r\u00e9sultant de l\u2019utilisation du Site ou des produits achet\u00e9s, sauf en cas de faute lourde ou intentionnelle de notre part.<\/span><span data-ccp-props=\"{}\">\u00a0<\/span><\/p><p><b><span data-contrast=\"auto\">R\u00e9siliation<\/span><\/b><span data-ccp-props=\"{}\">\u00a0<\/span><\/p><p><span data-contrast=\"auto\">Nous nous r\u00e9servons le droit de suspendre ou de r\u00e9silier votre acc\u00e8s au Site en cas de violation des pr\u00e9sentes CGU, sans pr\u00e9avis ni indemnit\u00e9. Vous pouvez \u00e9galement mettre fin \u00e0 votre compte utilisateur \u00e0 tout moment en nous contactant.<\/span><span data-ccp-props=\"{}\">\u00a0<\/span><\/p><p><b><span data-contrast=\"auto\">Droit applicable et juridiction<\/span><\/b><span data-ccp-props=\"{}\">\u00a0<\/span><\/p><p><span data-contrast=\"auto\">Les pr\u00e9sentes CGU sont r\u00e9gies par le droit suisse. Tout litige relatif \u00e0 leur interpr\u00e9tation, leur ex\u00e9cution ou leur validit\u00e9 sera soumis \u00e0 la comp\u00e9tence exclusive des tribunaux suisses.<\/span><span data-ccp-props=\"{}\">\u00a0<\/span><\/p><p><b><span data-contrast=\"auto\">Acceptation<\/span><\/b><span data-ccp-props=\"{}\">\u00a0<\/span><\/p><p><span data-contrast=\"auto\">En utilisant le Site, vous reconnaissez avoir lu, compris et accept\u00e9 sans r\u00e9serve les pr\u00e9sentes Conditions G\u00e9n\u00e9rales d\u2019Utilisation.<\/span><span data-ccp-props=\"{}\">\u00a0<\/span><\/p>\t\t\t\t\t\t\t\t<\/div>\n\t\t\t\t\t<\/div>\n\t\t\t\t<\/div>\n\t\t\t\t<\/div>\n\t\t","protected":false},"excerpt":{"rendered":"<p>Condition G\u00e9n\u00e9rale d&#8217;Utilisation Bienvenue sur le site de Arti-Stick. Nous vous fournissons ce site internet et les services associ\u00e9s (\u00ab le Site \u00bb) sous r\u00e9serve des pr\u00e9sentes Conditions G\u00e9n\u00e9rales d\u2019Utilisation (\u00ab CGU \u00bb). En acc\u00e9dant au Site ou en l\u2019utilisant, vous acceptez d\u2019\u00eatre li\u00e9 par ces conditions. Si vous n\u2019acceptez pas ces conditions, vous ne [&hellip;]<\/p>\n","protected":false},"author":1,"featured_media":0,"parent":0,"menu_order":0,"comment_status":"closed","ping_status":"closed","template":"","meta":{"footnotes":""},"class_list":["post-58","page","type-page","status-publish","hentry"],"yoast_head":"<!-- This site is optimized with the Yoast SEO plugin v26.2 - https:\/\/yoast.com\/wordpress\/plugins\/seo\/ -->\n<title>Condition G\u00e9n\u00e9rales - Arti-Stick<\/title>\n<meta name=\"robots\" content=\"index, follow, max-snippet:-1, max-image-preview:large, max-video-preview:-1\" \/>\n<link rel=\"canonical\" href=\"https:\/\/espace-entreprise.mediamatique.ch\/arti-stick\/condition-generales\/\" \/>\n<meta property=\"og:locale\" content=\"en_US\" \/>\n<meta property=\"og:type\" content=\"article\" \/>\n<meta property=\"og:title\" content=\"Condition G\u00e9n\u00e9rales - Arti-Stick\" \/>\n<meta property=\"og:description\" content=\"Condition G\u00e9n\u00e9rale d&#8217;Utilisation Bienvenue sur le site de Arti-Stick. Nous vous fournissons ce site internet et les services associ\u00e9s (\u00ab le Site \u00bb) sous r\u00e9serve des pr\u00e9sentes Conditions G\u00e9n\u00e9rales d\u2019Utilisation (\u00ab CGU \u00bb). En acc\u00e9dant au Site ou en l\u2019utilisant, vous acceptez d\u2019\u00eatre li\u00e9 par ces conditions. Si vous n\u2019acceptez pas ces conditions, vous ne [&hellip;]\" \/>\n<meta property=\"og:url\" content=\"https:\/\/espace-entreprise.mediamatique.ch\/arti-stick\/condition-generales\/\" \/>\n<meta property=\"og:site_name\" content=\"Arti-Stick\" \/>\n<meta property=\"article:modified_time\" content=\"2025-11-15T14:58:24+00:00\" \/>\n<meta name=\"twitter:card\" content=\"summary_large_image\" \/>\n<meta name=\"twitter:label1\" content=\"Est. reading time\" \/>\n\t<meta name=\"twitter:data1\" content=\"4 minutes\" \/>\n<script type=\"application\/ld+json\" class=\"yoast-schema-graph\">{\"@context\":\"https:\/\/schema.org\",\"@graph\":[{\"@type\":\"WebPage\",\"@id\":\"https:\/\/espace-entreprise.mediamatique.ch\/arti-stick\/condition-generales\/\",\"url\":\"https:\/\/espace-entreprise.mediamatique.ch\/arti-stick\/condition-generales\/\",\"name\":\"Condition G\u00e9n\u00e9rales - Arti-Stick\",\"isPartOf\":{\"@id\":\"https:\/\/espace-entreprise.mediamatique.ch\/arti-stick\/#website\"},\"datePublished\":\"2025-11-15T14:58:23+00:00\",\"dateModified\":\"2025-11-15T14:58:24+00:00\",\"breadcrumb\":{\"@id\":\"https:\/\/espace-entreprise.mediamatique.ch\/arti-stick\/condition-generales\/#breadcrumb\"},\"inLanguage\":\"en-US\",\"potentialAction\":[{\"@type\":\"ReadAction\",\"target\":[\"https:\/\/espace-entreprise.mediamatique.ch\/arti-stick\/condition-generales\/\"]}]},{\"@type\":\"BreadcrumbList\",\"@id\":\"https:\/\/espace-entreprise.mediamatique.ch\/arti-stick\/condition-generales\/#breadcrumb\",\"itemListElement\":[{\"@type\":\"ListItem\",\"position\":1,\"name\":\"Home\",\"item\":\"https:\/\/espace-entreprise.mediamatique.ch\/arti-stick\/\"},{\"@type\":\"ListItem\",\"position\":2,\"name\":\"Condition G\u00e9n\u00e9rales\"}]},{\"@type\":\"WebSite\",\"@id\":\"https:\/\/espace-entreprise.mediamatique.ch\/arti-stick\/#website\",\"url\":\"https:\/\/espace-entreprise.mediamatique.ch\/arti-stick\/\",\"name\":\"Arti-Stick\",\"description\":\"\",\"publisher\":{\"@id\":\"https:\/\/espace-entreprise.mediamatique.ch\/arti-stick\/#organization\"},\"potentialAction\":[{\"@type\":\"SearchAction\",\"target\":{\"@type\":\"EntryPoint\",\"urlTemplate\":\"https:\/\/espace-entreprise.mediamatique.ch\/arti-stick\/?s={search_term_string}\"},\"query-input\":{\"@type\":\"PropertyValueSpecification\",\"valueRequired\":true,\"valueName\":\"search_term_string\"}}],\"inLanguage\":\"en-US\"},{\"@type\":\"Organization\",\"@id\":\"https:\/\/espace-entreprise.mediamatique.ch\/arti-stick\/#organization\",\"name\":\"Arti-Stick\",\"url\":\"https:\/\/espace-entreprise.mediamatique.ch\/arti-stick\/\",\"logo\":{\"@type\":\"ImageObject\",\"inLanguage\":\"en-US\",\"@id\":\"https:\/\/espace-entreprise.mediamatique.ch\/arti-stick\/#\/schema\/logo\/image\/\",\"url\":\"https:\/\/espace-entreprise.mediamatique.ch\/arti-stick\/wp-content\/uploads\/2025\/10\/Arti-Sticks-LOGO-1.png\",\"contentUrl\":\"https:\/\/espace-entreprise.mediamatique.ch\/arti-stick\/wp-content\/uploads\/2025\/10\/Arti-Sticks-LOGO-1.png\",\"width\":625,\"height\":204,\"caption\":\"Arti-Stick\"},\"image\":{\"@id\":\"https:\/\/espace-entreprise.mediamatique.ch\/arti-stick\/#\/schema\/logo\/image\/\"},\"sameAs\":[\"https:\/\/www.instagram.com\/arti__stick\/\"]}]}<\/script>\n<!-- \/ Yoast SEO plugin. -->","yoast_head_json":{"title":"Condition G\u00e9n\u00e9rales - Arti-Stick","robots":{"index":"index","follow":"follow","max-snippet":"max-snippet:-1","max-image-preview":"max-image-preview:large","max-video-preview":"max-video-preview:-1"},"canonical":"https:\/\/espace-entreprise.mediamatique.ch\/arti-stick\/condition-generales\/","og_locale":"en_US","og_type":"article","og_title":"Condition G\u00e9n\u00e9rales - Arti-Stick","og_description":"Condition G\u00e9n\u00e9rale d&#8217;Utilisation Bienvenue sur le site de Arti-Stick. Nous vous fournissons ce site internet et les services associ\u00e9s (\u00ab le Site \u00bb) sous r\u00e9serve des pr\u00e9sentes Conditions G\u00e9n\u00e9rales d\u2019Utilisation (\u00ab CGU \u00bb). En acc\u00e9dant au Site ou en l\u2019utilisant, vous acceptez d\u2019\u00eatre li\u00e9 par ces conditions. Si vous n\u2019acceptez pas ces conditions, vous ne [&hellip;]","og_url":"https:\/\/espace-entreprise.mediamatique.ch\/arti-stick\/condition-generales\/","og_site_name":"Arti-Stick","article_modified_time":"2025-11-15T14:58:24+00:00","twitter_card":"summary_large_image","twitter_misc":{"Est. reading time":"4 minutes"},"schema":{"@context":"https:\/\/schema.org","@graph":[{"@type":"WebPage","@id":"https:\/\/espace-entreprise.mediamatique.ch\/arti-stick\/condition-generales\/","url":"https:\/\/espace-entreprise.mediamatique.ch\/arti-stick\/condition-generales\/","name":"Condition G\u00e9n\u00e9rales - Arti-Stick","isPartOf":{"@id":"https:\/\/espace-entreprise.mediamatique.ch\/arti-stick\/#website"},"datePublished":"2025-11-15T14:58:23+00:00","dateModified":"2025-11-15T14:58:24+00:00","breadcrumb":{"@id":"https:\/\/espace-entreprise.mediamatique.ch\/arti-stick\/condition-generales\/#breadcrumb"},"inLanguage":"en-US","potentialAction":[{"@type":"ReadAction","target":["https:\/\/espace-entreprise.mediamatique.ch\/arti-stick\/condition-generales\/"]}]},{"@type":"BreadcrumbList","@id":"https:\/\/espace-entreprise.mediamatique.ch\/arti-stick\/condition-generales\/#breadcrumb","itemListElement":[{"@type":"ListItem","position":1,"name":"Home","item":"https:\/\/espace-entreprise.mediamatique.ch\/arti-stick\/"},{"@type":"ListItem","position":2,"name":"Condition G\u00e9n\u00e9rales"}]},{"@type":"WebSite","@id":"https:\/\/espace-entreprise.mediamatique.ch\/arti-stick\/#website","url":"https:\/\/espace-entreprise.mediamatique.ch\/arti-stick\/","name":"Arti-Stick","description":"","publisher":{"@id":"https:\/\/espace-entreprise.mediamatique.ch\/arti-stick\/#organization"},"potentialAction":[{"@type":"SearchAction","target":{"@type":"EntryPoint","urlTemplate":"https:\/\/espace-entreprise.mediamatique.ch\/arti-stick\/?s={search_term_string}"},"query-input":{"@type":"PropertyValueSpecification","valueRequired":true,"valueName":"search_term_string"}}],"inLanguage":"en-US"},{"@type":"Organization","@id":"https:\/\/espace-entreprise.mediamatique.ch\/arti-stick\/#organization","name":"Arti-Stick","url":"https:\/\/espace-entreprise.mediamatique.ch\/arti-stick\/","logo":{"@type":"ImageObject","inLanguage":"en-US","@id":"https:\/\/espace-entreprise.mediamatique.ch\/arti-stick\/#\/schema\/logo\/image\/","url":"https:\/\/espace-entreprise.mediamatique.ch\/arti-stick\/wp-content\/uploads\/2025\/10\/Arti-Sticks-LOGO-1.png","contentUrl":"https:\/\/espace-entreprise.mediamatique.ch\/arti-stick\/wp-content\/uploads\/2025\/10\/Arti-Sticks-LOGO-1.png","width":625,"height":204,"caption":"Arti-Stick"},"image":{"@id":"https:\/\/espace-entreprise.mediamatique.ch\/arti-stick\/#\/schema\/logo\/image\/"},"sameAs":["https:\/\/www.instagram.com\/arti__stick\/"]}]}},"_links":{"self":[{"href":"https:\/\/espace-entreprise.mediamatique.ch\/arti-stick\/wp-json\/wp\/v2\/pages\/58","targetHints":{"allow":["GET"]}}],"collection":[{"href":"https:\/\/espace-entreprise.mediamatique.ch\/arti-stick\/wp-json\/wp\/v2\/pages"}],"about":[{"href":"https:\/\/espace-entreprise.mediamatique.ch\/arti-stick\/wp-json\/wp\/v2\/types\/page"}],"author":[{"embeddable":true,"href":"https:\/\/espace-entreprise.mediamatique.ch\/arti-stick\/wp-json\/wp\/v2\/users\/1"}],"replies":[{"embeddable":true,"href":"https:\/\/espace-entreprise.mediamatique.ch\/arti-stick\/wp-json\/wp\/v2\/comments?post=58"}],"version-history":[{"count":13,"href":"https:\/\/espace-entreprise.mediamatique.ch\/arti-stick\/wp-json\/wp\/v2\/pages\/58\/revisions"}],"predecessor-version":[{"id":262,"href":"https:\/\/espace-entreprise.mediamatique.ch\/arti-stick\/wp-json\/wp\/v2\/pages\/58\/revisions\/262"}],"wp:attachment":[{"href":"https:\/\/espace-entreprise.mediamatique.ch\/arti-stick\/wp-json\/wp\/v2\/media?parent=58"}],"curies":[{"name":"wp","href":"https:\/\/api.w.org\/{rel}","templated":true}]}}