{"id":101,"date":"2025-11-15T14:59:34","date_gmt":"2025-11-15T14:59:34","guid":{"rendered":"https:\/\/espace-entreprise.mediamatique.ch\/arti-stick\/?page_id=101"},"modified":"2025-11-15T14:59:36","modified_gmt":"2025-11-15T14:59:36","slug":"livraison","status":"publish","type":"page","link":"https:\/\/espace-entreprise.mediamatique.ch\/arti-stick\/livraison\/","title":{"rendered":"Livraison"},"content":{"rendered":"\t\t<div data-elementor-type=\"wp-page\" data-elementor-id=\"101\" class=\"elementor elementor-101\" data-elementor-post-type=\"page\">\n\t\t\t\t<div class=\"elementor-element elementor-element-f577baa e-flex e-con-boxed e-con e-parent\" data-id=\"f577baa\" data-element_type=\"container\">\n\t\t\t\t\t<div class=\"e-con-inner\">\n\t\t\t\t<div class=\"elementor-element elementor-element-de4bfe8 elementor-widget elementor-widget-heading\" data-id=\"de4bfe8\" data-element_type=\"widget\" data-widget_type=\"heading.default\">\n\t\t\t\t\t<h2 class=\"elementor-heading-title elementor-size-default\">Livraison<\/h2>\t\t\t\t<\/div>\n\t\t\t\t<div class=\"elementor-element elementor-element-aff3028 elementor-widget elementor-widget-text-editor\" data-id=\"aff3028\" data-element_type=\"widget\" data-widget_type=\"text-editor.default\">\n\t\t\t\t\t\t\t\t\t<p><span data-contrast=\"auto\">Chez Arti-Stick, nous nous engageons \u00e0 exp\u00e9dier vos commandes dans les meilleurs d\u00e9lais et de la mani\u00e8re la plus efficace possible. Nous travaillons avec diff\u00e9rents services postaux et partenaires logistiques afin de garantir un acheminement fiable de vos produits.<\/span><span data-ccp-props=\"{}\">\u00a0<\/span><\/p><p><span data-contrast=\"auto\">Il est important de noter que les d\u00e9lais de transit ne peuvent pas \u00eatre garantis de mani\u00e8re absolue. Pour cette raison, nous communiquons une date de livraison estim\u00e9e, qui correspond \u00e0 notre meilleure approximation bas\u00e9e sur les d\u00e9lais moyens de production et de transport.<\/span><span data-ccp-props=\"{}\">\u00a0<\/span><\/p><p><span data-contrast=\"auto\">Nous faisons tout notre possible pour que vos stickers vous parviennent rapidement et en parfait \u00e9tat. Toutefois, des retards ind\u00e9pendants de notre volont\u00e9 peuvent survenir, notamment en raison des transporteurs ou de circonstances exceptionnelles.<\/span><span data-ccp-props=\"{}\">\u00a0<\/span><\/p><p><span data-contrast=\"auto\">Derni\u00e8re mise \u00e0 jour : 15 septembre 2025.<\/span><span data-ccp-props=\"{}\">\u00a0<\/span><\/p>\t\t\t\t\t\t\t\t<\/div>\n\t\t\t\t\t<\/div>\n\t\t\t\t<\/div>\n\t\t\t\t<\/div>\n\t\t","protected":false},"excerpt":{"rendered":"<p>Livraison Chez Arti-Stick, nous nous engageons \u00e0 exp\u00e9dier vos commandes dans les meilleurs d\u00e9lais et de la mani\u00e8re la plus efficace possible. Nous travaillons avec diff\u00e9rents services postaux et partenaires logistiques afin de garantir un acheminement fiable de vos produits.\u00a0 Il est important de noter que les d\u00e9lais de transit ne peuvent pas \u00eatre garantis [&hellip;]<\/p>\n","protected":false},"author":1,"featured_media":0,"parent":0,"menu_order":0,"comment_status":"closed","ping_status":"closed","template":"","meta":{"footnotes":""},"class_list":["post-101","page","type-page","status-publish","hentry"],"yoast_head":"<!-- This site is optimized with the Yoast SEO plugin v26.2 - https:\/\/yoast.com\/wordpress\/plugins\/seo\/ -->\n<title>Livraison - Arti-Stick<\/title>\n<meta name=\"robots\" content=\"index, follow, max-snippet:-1, max-image-preview:large, max-video-preview:-1\" \/>\n<link rel=\"canonical\" href=\"https:\/\/espace-entreprise.mediamatique.ch\/arti-stick\/livraison\/\" \/>\n<meta property=\"og:locale\" content=\"en_US\" \/>\n<meta property=\"og:type\" content=\"article\" \/>\n<meta property=\"og:title\" content=\"Livraison - Arti-Stick\" \/>\n<meta property=\"og:description\" content=\"Livraison Chez Arti-Stick, nous nous engageons \u00e0 exp\u00e9dier vos commandes dans les meilleurs d\u00e9lais et de la mani\u00e8re la plus efficace possible. Nous travaillons avec diff\u00e9rents services postaux et partenaires logistiques afin de garantir un acheminement fiable de vos produits.\u00a0 Il est important de noter que les d\u00e9lais de transit ne peuvent pas \u00eatre garantis [&hellip;]\" \/>\n<meta property=\"og:url\" content=\"https:\/\/espace-entreprise.mediamatique.ch\/arti-stick\/livraison\/\" \/>\n<meta property=\"og:site_name\" content=\"Arti-Stick\" \/>\n<meta property=\"article:modified_time\" content=\"2025-11-15T14:59:36+00:00\" \/>\n<meta name=\"twitter:card\" content=\"summary_large_image\" \/>\n<meta name=\"twitter:label1\" content=\"Est. reading time\" \/>\n\t<meta name=\"twitter:data1\" content=\"1 minute\" \/>\n<script type=\"application\/ld+json\" class=\"yoast-schema-graph\">{\"@context\":\"https:\/\/schema.org\",\"@graph\":[{\"@type\":\"WebPage\",\"@id\":\"https:\/\/espace-entreprise.mediamatique.ch\/arti-stick\/livraison\/\",\"url\":\"https:\/\/espace-entreprise.mediamatique.ch\/arti-stick\/livraison\/\",\"name\":\"Livraison - Arti-Stick\",\"isPartOf\":{\"@id\":\"https:\/\/espace-entreprise.mediamatique.ch\/arti-stick\/#website\"},\"datePublished\":\"2025-11-15T14:59:34+00:00\",\"dateModified\":\"2025-11-15T14:59:36+00:00\",\"breadcrumb\":{\"@id\":\"https:\/\/espace-entreprise.mediamatique.ch\/arti-stick\/livraison\/#breadcrumb\"},\"inLanguage\":\"en-US\",\"potentialAction\":[{\"@type\":\"ReadAction\",\"target\":[\"https:\/\/espace-entreprise.mediamatique.ch\/arti-stick\/livraison\/\"]}]},{\"@type\":\"BreadcrumbList\",\"@id\":\"https:\/\/espace-entreprise.mediamatique.ch\/arti-stick\/livraison\/#breadcrumb\",\"itemListElement\":[{\"@type\":\"ListItem\",\"position\":1,\"name\":\"Home\",\"item\":\"https:\/\/espace-entreprise.mediamatique.ch\/arti-stick\/\"},{\"@type\":\"ListItem\",\"position\":2,\"name\":\"Livraison\"}]},{\"@type\":\"WebSite\",\"@id\":\"https:\/\/espace-entreprise.mediamatique.ch\/arti-stick\/#website\",\"url\":\"https:\/\/espace-entreprise.mediamatique.ch\/arti-stick\/\",\"name\":\"Arti-Stick\",\"description\":\"\",\"publisher\":{\"@id\":\"https:\/\/espace-entreprise.mediamatique.ch\/arti-stick\/#organization\"},\"potentialAction\":[{\"@type\":\"SearchAction\",\"target\":{\"@type\":\"EntryPoint\",\"urlTemplate\":\"https:\/\/espace-entreprise.mediamatique.ch\/arti-stick\/?s={search_term_string}\"},\"query-input\":{\"@type\":\"PropertyValueSpecification\",\"valueRequired\":true,\"valueName\":\"search_term_string\"}}],\"inLanguage\":\"en-US\"},{\"@type\":\"Organization\",\"@id\":\"https:\/\/espace-entreprise.mediamatique.ch\/arti-stick\/#organization\",\"name\":\"Arti-Stick\",\"url\":\"https:\/\/espace-entreprise.mediamatique.ch\/arti-stick\/\",\"logo\":{\"@type\":\"ImageObject\",\"inLanguage\":\"en-US\",\"@id\":\"https:\/\/espace-entreprise.mediamatique.ch\/arti-stick\/#\/schema\/logo\/image\/\",\"url\":\"https:\/\/espace-entreprise.mediamatique.ch\/arti-stick\/wp-content\/uploads\/2025\/10\/Arti-Sticks-LOGO-1.png\",\"contentUrl\":\"https:\/\/espace-entreprise.mediamatique.ch\/arti-stick\/wp-content\/uploads\/2025\/10\/Arti-Sticks-LOGO-1.png\",\"width\":625,\"height\":204,\"caption\":\"Arti-Stick\"},\"image\":{\"@id\":\"https:\/\/espace-entreprise.mediamatique.ch\/arti-stick\/#\/schema\/logo\/image\/\"},\"sameAs\":[\"https:\/\/www.instagram.com\/arti__stick\/\"]}]}<\/script>\n<!-- \/ Yoast SEO plugin. -->","yoast_head_json":{"title":"Livraison - Arti-Stick","robots":{"index":"index","follow":"follow","max-snippet":"max-snippet:-1","max-image-preview":"max-image-preview:large","max-video-preview":"max-video-preview:-1"},"canonical":"https:\/\/espace-entreprise.mediamatique.ch\/arti-stick\/livraison\/","og_locale":"en_US","og_type":"article","og_title":"Livraison - Arti-Stick","og_description":"Livraison Chez Arti-Stick, nous nous engageons \u00e0 exp\u00e9dier vos commandes dans les meilleurs d\u00e9lais et de la mani\u00e8re la plus efficace possible. Nous travaillons avec diff\u00e9rents services postaux et partenaires logistiques afin de garantir un acheminement fiable de vos produits.\u00a0 Il est important de noter que les d\u00e9lais de transit ne peuvent pas \u00eatre garantis [&hellip;]","og_url":"https:\/\/espace-entreprise.mediamatique.ch\/arti-stick\/livraison\/","og_site_name":"Arti-Stick","article_modified_time":"2025-11-15T14:59:36+00:00","twitter_card":"summary_large_image","twitter_misc":{"Est. reading time":"1 minute"},"schema":{"@context":"https:\/\/schema.org","@graph":[{"@type":"WebPage","@id":"https:\/\/espace-entreprise.mediamatique.ch\/arti-stick\/livraison\/","url":"https:\/\/espace-entreprise.mediamatique.ch\/arti-stick\/livraison\/","name":"Livraison - Arti-Stick","isPartOf":{"@id":"https:\/\/espace-entreprise.mediamatique.ch\/arti-stick\/#website"},"datePublished":"2025-11-15T14:59:34+00:00","dateModified":"2025-11-15T14:59:36+00:00","breadcrumb":{"@id":"https:\/\/espace-entreprise.mediamatique.ch\/arti-stick\/livraison\/#breadcrumb"},"inLanguage":"en-US","potentialAction":[{"@type":"ReadAction","target":["https:\/\/espace-entreprise.mediamatique.ch\/arti-stick\/livraison\/"]}]},{"@type":"BreadcrumbList","@id":"https:\/\/espace-entreprise.mediamatique.ch\/arti-stick\/livraison\/#breadcrumb","itemListElement":[{"@type":"ListItem","position":1,"name":"Home","item":"https:\/\/espace-entreprise.mediamatique.ch\/arti-stick\/"},{"@type":"ListItem","position":2,"name":"Livraison"}]},{"@type":"WebSite","@id":"https:\/\/espace-entreprise.mediamatique.ch\/arti-stick\/#website","url":"https:\/\/espace-entreprise.mediamatique.ch\/arti-stick\/","name":"Arti-Stick","description":"","publisher":{"@id":"https:\/\/espace-entreprise.mediamatique.ch\/arti-stick\/#organization"},"potentialAction":[{"@type":"SearchAction","target":{"@type":"EntryPoint","urlTemplate":"https:\/\/espace-entreprise.mediamatique.ch\/arti-stick\/?s={search_term_string}"},"query-input":{"@type":"PropertyValueSpecification","valueRequired":true,"valueName":"search_term_string"}}],"inLanguage":"en-US"},{"@type":"Organization","@id":"https:\/\/espace-entreprise.mediamatique.ch\/arti-stick\/#organization","name":"Arti-Stick","url":"https:\/\/espace-entreprise.mediamatique.ch\/arti-stick\/","logo":{"@type":"ImageObject","inLanguage":"en-US","@id":"https:\/\/espace-entreprise.mediamatique.ch\/arti-stick\/#\/schema\/logo\/image\/","url":"https:\/\/espace-entreprise.mediamatique.ch\/arti-stick\/wp-content\/uploads\/2025\/10\/Arti-Sticks-LOGO-1.png","contentUrl":"https:\/\/espace-entreprise.mediamatique.ch\/arti-stick\/wp-content\/uploads\/2025\/10\/Arti-Sticks-LOGO-1.png","width":625,"height":204,"caption":"Arti-Stick"},"image":{"@id":"https:\/\/espace-entreprise.mediamatique.ch\/arti-stick\/#\/schema\/logo\/image\/"},"sameAs":["https:\/\/www.instagram.com\/arti__stick\/"]}]}},"_links":{"self":[{"href":"https:\/\/espace-entreprise.mediamatique.ch\/arti-stick\/wp-json\/wp\/v2\/pages\/101","targetHints":{"allow":["GET"]}}],"collection":[{"href":"https:\/\/espace-entreprise.mediamatique.ch\/arti-stick\/wp-json\/wp\/v2\/pages"}],"about":[{"href":"https:\/\/espace-entreprise.mediamatique.ch\/arti-stick\/wp-json\/wp\/v2\/types\/page"}],"author":[{"embeddable":true,"href":"https:\/\/espace-entreprise.mediamatique.ch\/arti-stick\/wp-json\/wp\/v2\/users\/1"}],"replies":[{"embeddable":true,"href":"https:\/\/espace-entreprise.mediamatique.ch\/arti-stick\/wp-json\/wp\/v2\/comments?post=101"}],"version-history":[{"count":10,"href":"https:\/\/espace-entreprise.mediamatique.ch\/arti-stick\/wp-json\/wp\/v2\/pages\/101\/revisions"}],"predecessor-version":[{"id":274,"href":"https:\/\/espace-entreprise.mediamatique.ch\/arti-stick\/wp-json\/wp\/v2\/pages\/101\/revisions\/274"}],"wp:attachment":[{"href":"https:\/\/espace-entreprise.mediamatique.ch\/arti-stick\/wp-json\/wp\/v2\/media?parent=101"}],"curies":[{"name":"wp","href":"https:\/\/api.w.org\/{rel}","templated":true}]}}